91
What are the prime factors of 217626?
2, 3, 19, 23, 83
What are the prime factors of 2853930?
2, 3, 5, 95131
What are the prime factors of 402794?
2, 7, 28771
What are the prime factors of 1484579?
1484579
What are the prime factors of 1359948?
2, 3, 113329
List the prime factors of 949465.
5, 11, 61, 283
List the prime factors of 1418828.
2, 43, 73, 113
List the prime factors of 4768867.
19, 250993
What are the prime factors of 760492?
2, 31, 6133
List the prime factors of 447097.
7, 23, 2777
What are the prime factors of 7125554?
2, 41, 113, 769
What are the prime factors of 4711685?
5, 11, 85667
What are the prime factors of 467657?
467657
What are the prime factors of 10968432?
2, 3, 228509
List the prime factors of 1296697.
1069, 1213
What are the prime factors of 1091060?
2, 5, 17, 3209
List the prime factors of 459142.
2, 173, 1327
What are the prime factors of 8724873?
3, 2908291
List the prime factors of 852647.
43, 79, 251
What are the prime factors of 2028072?
2, 3, 84503
What are the prime factors of 1716002?
2, 858001
List the prime factors of 2119471.
37, 57283
List the prime factors of 1580802.
2, 3, 487, 541
What are the prime factors of 9918845?
5, 79, 25111
List the prime factors of 1504295.
5, 13, 23143
What are the prime factors of 486249?
3, 109, 1487
What are the prime factors of 931967?
931967
List the prime factors of 6554226.
2, 3, 7, 113, 1381
What are the prime factors of 581923?
23, 25301
What are the prime factors of 12567590?
2, 5, 7, 17, 59, 179
List the prime factors of 41780.
2, 5, 2089
List the prime factors of 420430.
2, 5, 42043
List the prime factors of 343612.
2, 85903
List the prime factors of 4145541.
3, 47, 29401
What are the prime factors of 642979?
19, 43, 787
List the prime factors of 87712.
2, 2741
List the prime factors of 293266.
2, 331, 443
What are the prime factors of 1280114?
2, 11, 31, 1877
What are the prime factors of 4527276?
2, 3, 13, 29021
What are the prime factors of 335207?
335207
What are the prime factors of 2183319?
3, 242591
What are the prime factors of 22358111?
17, 1315183
What are the prime factors of 2703655?
5, 151, 3581
What are the prime factors of 2664655?
5, 7, 19, 4007
What are the prime factors of 2522385?
3, 5, 56053
What are the prime factors of 50833?
50833
What are the prime factors of 6111708?
2, 3, 239, 2131
List the prime factors of 357370.
2, 5, 13, 2749
List the prime factors of 10274696.
2, 601, 2137
What are the prime factors of 329757?
3, 109919
List the prime factors of 139003.
229, 607
List the prime factors of 20715382.
2, 379, 27329
What are the prime factors of 618823?
618823
What are the prime factors of 1220216?
2, 127, 1201
List the prime factors of 230902.
2, 7, 16493
List the prime factors of 71290.
2, 5, 7129
List the prime factors of 756360.
2, 3, 5, 11, 191
List the prime factors of 478155.
3, 5, 127, 251
What are the prime factors of 40507?
40507
List the prime factors of 4122678.
2, 3, 7, 103, 953
List the prime factors of 4787082.
2, 3, 23, 31, 373
What are the prime factors of 6266925?
3, 5, 7, 23, 173
List the prime factors of 64201.
19, 31, 109
List the prime factors of 140953.
47, 2999
What are the prime factors of 10695770?
2, 5, 1069577
What are the prime factors of 248082?
2, 3, 173, 239
What are the prime factors of 961101?
3, 23, 4643
List the prime factors of 1203114.
2, 3, 11, 18229
What are the prime factors of 1842255?
3, 5, 40939
What are the prime factors of 429928?
2, 61, 881
List the prime factors of 1449053.
443, 3271
List the prime factors of 632977.
632977
What are the prime factors of 490843?
23, 21341
List the prime factors of 361253.
29, 12457
What are the prime factors of 27746540?
2, 5, 1387327
What are the prime factors of 8489665?
5, 41, 41413
What are the prime factors of 1527079?
1527079
What are the prime factors of 432299?
7, 61757
List the prime factors of 5504707.
13, 423439
List the prime factors of 317718.
2, 3, 19, 929
What are the prime factors of 2152094?
2, 7, 347, 443
What are the prime factors of 456076?
2, 17, 19, 353
What are the prime factors of 2938115?
5, 587623
List the prime factors of 1440015.
3, 5, 96001
What are the prime factors of 275305?
5, 55061
List the prime factors of 3210161.
17, 188833
What are the prime factors of 8383925?
5, 11, 43, 709
What are the prime factors of 34958?
2, 7, 11, 227
What are the prime factors of 374414?
2, 19, 59, 167
What are the prime factors of 737639?
7, 167, 631
List the prime factors of 975457.
7, 331, 421
What are the prime factors of 10236915?
3, 5, 13, 19, 307
What are the prime factors of 43223?
43223
What are the prime factors of 709993?
31, 37, 619
What are the prime factors of 484117?
484117
List the prime factors of 543943.
103, 5281
List the prime factors of 47359.
13, 3643
What are the prime factors of 703421?
31, 22691
What are the prime factors of 317149?
7, 45307
What are the prime factors of 146392?
2, 29, 631
What are the prime factors of 3343281?
3, 1114427
List the prime factors of 1628519.
137, 11887
List the prime factors of 1396351.
11, 61, 2081
List the prime factors of 315961.
315961
List the prime factors of 3518958.
2, 3, 586493
What are the prime factors of 5132489?
19, 270131
List the prime factors of 12611881.
3253, 3877
List the prime factors of 17372735.
5, 3474547
List the prime factors of 690348.
2, 3, 57529
What are the prime factors of 142543?
142543
List the prime factors of 4176943.
557, 7499
What are the prime factors of 5799933?
3, 23, 28019
What are the prime factors of 337570?
2, 5, 33757
What are the prime factors of 110062?
2, 113, 487
What are the prime factors of 164858?
2, 31, 2659
List the prime factors of 611934.
2, 3, 79, 1291
List the prime factors of 4739567.
7, 677081
List the prime factors of 15028436.
2, 3757109
What are the prime factors of 1867477?
1867477
What are the prime factors of 165500?
2, 5, 331
List the prime factors of 7201803.
3, 7, 241, 1423
List the prime factors of 281557.
281557
What are the prime factors of 502999?
7, 181, 397
What are the prime factors of 335418?
2, 3, 55903
List the prime factors of 2163099.
3, 79, 9127
What are the prime factors of 16455278?
2, 7, 167911
List the prime factors of 100844.
2, 17, 1483
List the prime factors of 1591477.
983, 1619
What are the prime factors of 8099087?
47, 172321
List the prime factors of 29335008.
2, 3, 29, 41, 257
What are the prime factors of 741870?
2, 3, 5, 8243
List the prime factors of 9975751.
41, 243311
List the prime factors of 3575181.
3, 1191727
What are the prime factors of 26240?
2, 5, 41
What are the prime factors of 190187?
23, 8269
List the prime factors of 1718488.
2, 214811
List the prime factors of 110028.
2, 3, 53, 173
List the prime factors of 280209.
3, 23, 31, 131
List the prime factors of 3177384.
2, 3, 7, 18913
What are the prime factors of 275821?
7, 13, 433
What are the prime factors of 1150390?
2, 5, 17, 67, 101
List the prime factors of 24071947.
24071947
What are the prime factors of 16067759?
97, 151, 1097
List the prime factors of 325308.
2, 3, 27109
What are the prime factors of 3541062?
2, 3, 7, 59, 1429
List the prime factors of 262195.
5, 41, 1279
What are the prime factors of 21420087?
3, 13, 19, 137, 211
List the prime factors of 193228.
2, 7, 67, 103
What are the prime factors of 56248?
2, 79, 89
List the prime factors of 17957.
17957
What are the prime factors of 1515109?
1515109
What are the prime factors of 236532?
2, 3, 23, 857
What are the prime factors of 206703?
3, 7, 17, 193
List the prime factors of 326040.
2, 3, 5, 11, 13, 19
List the prime factors of 429919.
7, 61417
List the prime factors of 3512559.
3, 1170853
What are the prime factors of 2438527?
7, 13, 127, 211
List the prime factors of 1427684.
2, 241, 1481
What are the prime factors of 64161?
3, 7129
What are the prime factors of 7932?
2, 3, 661
List the prime factors of 369434.
2, 13, 1093
What are the prime factors of 116636?
2, 13, 2243
What are the prime factors of 18406225?
5, 736249
List the prime factors of 82843.
37, 2239
What are the prime factors of 23880136?
2, 7, 43, 47, 211
List the prime factors of 507573.
3, 11, 1709
List the prime factors of 279931.
157, 1783
What are the prime factors of 6159833?
6159833
